 7*v. List the prime factors of 2/8*-2*g*8.
2
Let o be 0 - 3 - (-5 - -7). Let w be 5/(o/(-2)) + 16. Suppose w = 3*i - 21. What are the prime factors of i?
13
Suppose 5*a + 5*j = 0, 4*a = -j - 0*j. Suppose -l + a = -3. Suppose -y + l*y - 18 = 0. What are the prime factors of y?
3
Suppose -3*s - 12 = -7*s. Suppose 2*r = t + 195, s*t + t + 186 = 2*r. What are the prime factors of r?
3, 11
Let c(o) = 166*o**3 + 3*o**2 + 7*o - 3. List the prime factors of c(2).
7, 193
Suppose 2*f - 4*f = -3*w, 0 = 4*f + 5*w. Suppose -b + 6*b - 350 = f. What are the prime factors of b?
2, 5, 7
Let g = -23 - -30. Suppose 3*d + 8 = g*d. Suppose -3*t = -d*c + 109, 5*t + 26 - 111 = -2*c. What are the prime factors of c?
2, 5
Let r(o) = -o**2 + 3. Let w be r(0). Suppose -w*s + 3*x + 21 + 6 = 0, -3*x = -5*s + 35. What are the prime factors of (-126)/12*s/(-6)?
7
Let l(k) be the third derivative of -k**6/120 + 4*k**5/15 + k**4/6 + 5*k**3/3 - 2*k**2. List the prime factors of l(16).
2, 37
Let z = 28 + -21. Let c(b) = -b**2 + 7*b + 2. Let x be c(z). Suppose 4*s = x*s + 92. List the prime factors of s.
2, 23
Let k(x) = -21 + x**2 - 11 - 11*x + 54. List the prime factors of k(11).
2, 11
Let l(j) = 66*j + 1. Let f be l(2). Suppose 3*c - r - 96 = 253, c + 3*r = f. List the prime factors of c.
2, 59
Suppose -6*r + 522 = -48. Suppose 5*h = 2*z + r, -2*z - 44 = -5*h + 3*h. What are the prime factors of h?
17
Let m = -2553 - -3522. List the prime factors of m.
3, 17, 19
What are the prime factors of 1201*(-4 - -6)/2?
1201
Suppose 29 - 8 = 4*b - h, -3*b + 2 = 2*h. Suppose 0 = b*i - 3*i - 2. Suppose i = s - 21. List the prime factors of s.
23
Let d be 9/21 - (-204)/14. Let y(a) = -a**3 + 14*a**2 + 15*a. Let l be y(d). Suppose l = -3*g + 85 - 10. List the prime factors of g.
5
Let g be (-1)/((-2)/104*-2). Let u(m) = -3*m - 3. Let s be u(-16). Let w = g + s. List the prime factors of w.
19
Let u be 2/(-3)*24/2. Let r = u - -19. Suppose 51 = 5*c - n, 3*n - r = -4*c + 26. List the prime factors of c.
2, 5
Suppose -192 - 36 = -2*t. What are the prime factors of t?
2, 3, 19
Suppose 5*u - 3 = 2*y, 0*y - 4*y = 5*u - 9. Suppose -y + 3 = c. Suppose 4*k + 5*t - 136 = 29, c*k - 3*t - 55 = 0. List the prime factors of k.
5, 7
Suppose -12 = 3*m, n + 0*n + 5*m = -15. Suppose 0 = 4*f + n*l - 30 - 21, -l = -f + 6. What are the prime factors of f?
3
Let w(q) be the first derivative of q**3/3 - 3*q**2/2 + 57*q + 23. List the prime factors of w(0).
3, 19
Let u(b) be the first derivative of -3*b**2 - 1/3*b**3 + 7 - 2*b. What are the prime factors of u(-4)?
2, 3
Let m(j) = -18*j + 3. List the prime factors of m(-6).
3, 37
Let o be ((-4)/(-1) + (-64)/12)*-69. Suppose -o = -2*i + x + x, 3*x = -2*i + 92. What are the prime factors of i?
2, 23
Suppose -3*j + 150 = 3*b, -j - 124 = -3*j + 4*b. Let f = -36 + j. List the prime factors of f.
2, 3
Let a be 151/(-2) + (-14)/(-28). Let n = a + 116. List the prime factors of n.
41
Let f(k) = -64*k**3 - 8*k**2 + 3*k. Let l(j) = 43*j**3 + 5*j**2 - 2*j. Let v(p) = -5*f(p) - 8*l(p). What are the prime factors of v(-1)?
23
Let y(w) = -16*w**3 - 2*w**2 - 3*w - 17. List the prime factors of y(-5).
2, 487
Let w be (2 + 1)*20/12. Let o(x) = 9*x**2 - 12*x + 3. What are the prime factors of o(w)?
2, 3, 7
List the prime factors of (-883)/((4/(-4))/(-1 - -2)).
883
Suppose -12843 = -a - 8*a. List the prime factors of a.
1427
Let f = 1353 - 526. What are the prime factors of f?
827
Suppose 2*k = -k + 3702. What are the prime factors of k?
2, 617
Let n be 0/4 + 4 + 4. Suppose 4*s = -k - 8, -k + 4*s + n + 0 = 0. What are the prime factors of (3 - k)/((-12)/(-136))?
2, 17
Let m = 10 - 3. Suppose -3*j - m = -31. Suppose 4*s + 5*k = 67, 2*s - s - j = -3*k. What are the prime factors of s?
23
Let b(g) = -2*g**3 + 24*g**2 - 24*g - 10. Let i be b(11). List the prime factors of (((-360)/i)/(-15))/((-1)/340).
3, 5, 17
Let r be ((-2)/3)/(5/(-45)). Suppose -3*c = -r*c + 285. What are the prime factors of c?
5, 19
Suppose 2*d - 5*a = -2*a + 120, -3*a = d - 78. Let f = d - -67. What are the prime factors of f?
7, 19
Let v(d) = d**2 + 27*d + 1521. List the prime factors of v(0).
3, 13
Let v = -7 + 25. Let q(r) = -r**2 + 26*r - 1. List the prime factors of q(v).
11, 13
Let j(x) = x**2 + 10*x + 1024. List the prime factors of j(0).
2
Let k be (-3 - -8)*46 + 3. Suppose 5*f - 42 = k. What are the prime factors of f?
5, 11
Let t(j) = 157*j**3 + j - 1. Suppose 5*h - 3 - 2 = 0. What are the prime factors of t(h)?
157
Let p = -2213 + 3126. What are the prime factors of p?
11, 83
Let b = 633 + 84. List the prime factors of b.
3, 239
Let b(z) = 2*z**3 + 13*z**2 - 8*z - 6. What are the prime factors of b(10)?
2, 1607
Suppose -3*h - 4 + 1 = 0. Let p(z) be the first derivative of -27*z**4/4 - z**2/2 - z - 6. List the prime factors of p(h).
3
Suppose 13*j = 72 + 2229. What are the prime factors of j?
3, 59
Suppose 31 = 2*v + 27. List the prime factors of (-8)/((-8)/99) + v + -1.
2, 5
Let d(q) = 2*q**2 - 2*q + 29. Let b(t) = -9*t**2 + 9*t - 144. Let n(k) = 5*b(k) + 24*d(k). List the prime factors of n(7).
2, 3, 17
Let r be 15/(-4)*320/(-6). Suppose -r = -15*h + 11*h. What are the prime factors of h?
2, 5
Suppose 0 = -5*d - 1 + 21. Let s = -3 - -8. Suppose 4*r + 45 = 3*o + 2*r, 0 = d*o + s*r - 37. List the prime factors of o.
13
Suppose 6158 = 9*v - 601. What are the prime factors of v?
751
Let f(g) = 56*g**2 - 4*g - 7. List the prime factors of f(6).
5, 397
Let o(z) = -26*z - 5. Let p(u) = 259*u + 49. Let j(v) = -49*o(v) - 5*p(v). Suppose y = 1, 3*l + y + 2 + 6 = 0. List the prime factors of j(l).
3, 7
Let j be ((-4)/(-6))/(24/108). Suppose 28 - 130 = -j*w. List the prime factors of w.
2, 17
Let k(d) = -d - 9. Let v be k(-12). Suppose 0*t = v*m - t + 75, m - t + 27 = 0. List the prime factors of -2*2/12*m.
2
Let u(g) = -g**2 + 2*g - 4. Let b be u(2). List the prime factors of 17 - (b - -1 - 0).
2, 5
Let g be 45/(1*(0 - -1)). Suppose -8*s - 65 = -17. Let b = g - s. What are the prime factors of b?
3, 17
Suppose -4*k = v + 54, v + 0*k = 5*k - 27. What are the prime factors of (-12)/v - 24/(-14)?
2
Let s be (1*(-2 + 2))/1. Let r be 44*(s - 3/3). What are the prime factors of 3/2*r/(-33)?
2
Suppose -54*j = -56*j + 1960. List the prime factors of j.
2, 5, 7
Suppose 0 = v + 2*v - 12. Let z(p) = 2*p**2 - p - 2. Let q be z(2). Suppose -5*i + 84 = -q*n, -i + v*n = -6 - 14. What are the prime factors of i?
2
Suppose s - 2*d = 78, 5*d - 3*d - 312 = -4*s. Let m(u) = -u**2 + 16*u + 3. Let v be m(13). Suppose 5*b = v + s. What are the prime factors of b?
2, 3
Let n(t) = 13*t**3 - 2*t**2 + t. Let p be n(1). Suppose 0 = -p*v + v + 1485. What are the prime factors of v?
3, 5
Suppose t = 5*z - 124, -z = -3*t + 3*z - 328. Let b = -21 - t. List the prime factors of b.
83
Suppose -4*u + v + 21 = 0, -u + 3 + 26 = -5*v. Suppose 0 = u*t - 8*t + 16. Suppose 38 = 2*y + 4*r, -t*r = -0*y + y - 21. List the prime factors of y.
17
Suppose -u - 3*o + 2*o + 6 = 0, -3*o + 34 = 5*u. Let j = u - 4. Suppose -2*g = -4*g - j, 6 = a + 4*g. List the prime factors of a.
2, 7
Let j be -3*(-1)/(-2)*-1*6. Suppose j + 63 = 6*u. What are the prime factors of u?
2, 3
Let l(i) = -3*i - 2. Let g be l(-2). Let x be ((-4)/(-6))/(4 - 116/30). Suppose 2*r = -g*w + 61 + 141, x*w - 3*r = 236. What are the prime factors of w?
7
Let v be (0 + 6)/2 + 11 + -5. Let u(b) = -b - 13 + 4*b + 0*b. What are the prime factors of u(v)?
2, 7
Let w = 43 + -17. What are the prime factors of (w*(-3)/(-24))/((-1)/(-8))?
2, 13
Suppose 4*l + 398 = -98. Let n = 80 + -139. Let o = n - l. What are the prime factors of o?
5, 13
Let o = 634 - 210. What are the prime factors of o?
2, 53
Let f = 392 - 13. List the prime factors of f.
379
Let d(t) = -10*t + 52. Let z be d(5). Suppose -25 = 5*b, -y + b = 2*b + 5. Suppose y = -z*c + c + 10. List the prime factors of c.
2, 5
Suppose 7*g - 2*g - 10 = 0. Suppose 0 = 5*q - g*z - z - 196, q - z - 40 = 0. List the prime factors of q.
2, 19
Let n = 3 + -1. Suppose 4*l - 32 = -124. Let z = n - l. What are the prime factors of z?
5
Suppose 0 = -5*p + 7*p + 4*x - 708, -5*p - 2*x + 1762 = 0. List the prime factors of p.
2, 11
Suppose -82*p + 66*p = -17376. What are the prime factors of p?
2, 3, 181
Let k(a) = a**3 + 18*a**2 - 12*a - 63. What are the pr